 - (2 + -3 + -11). Let i be (20*1/w)/(5/35). Suppose -368 = -i*q + 2*q. Calculate the highest common divisor of q and 46.
46
Suppose 14 = -5*j - s, -4 = -0*j + 2*j + 2*s. Let a be 5 - (-9)/j - 1. Let p be 14 + -8 - (-5 + a). Calculate the greatest common divisor of 90 and p.
10
Suppose 0 = -5*y + 4*t + 121, 2*t + 21 - 13 = 0. What is the greatest common divisor of y and 4326?
21
Let c(w) = w**2 - 90*w + 1672. Let m be c(64). Calculate the greatest common factor of m and 6008.
8
Let y be (-18826)/(-2) + (682/198 - 16/36). What is the greatest common factor of 88 and y?
88
Let n(v) = -6*v - 102. Let s be n(-20). Let g be (522 + -18)*(-6)/(-8). What is the highest common factor of g and s?
18
Suppose 92*n = 94*n. Suppose -2*o + d + 1563 = n, -2*d + 1533 + 794 = 3*o. Calculate the highest common factor of o and 19.
19
Let y(l) = l**3 - 6*l**2 + 6*l. Let m be y(5). Let b(u) = 6*u**3 - u**2 + 30*u - 30. Let c be b(1). Calculate the greatest common divisor of m and c.
5
Let f(t) = -t**2 + 2*t - 28. Let n be f(17). Let o = n + 306. What is the greatest common divisor of o and 299?
23
Let n = -2528 + 2538. Calculate the highest common divisor of 55 and n.
5
Let y(u) be the first derivative of 10*u**2 - 44*u + 10. Let j be y(3). What is the greatest common divisor of j and 96?
16
Let n be (-6)/33 - (-4384)/(-88). Let l be 0 - (2 + 0 + n). Suppose -5*o + 0*o + 15 = 0, -2*o - 42 = -4*p. Calculate the greatest common factor of l and p.
12
Let y(z) = 2*z**2 - 237*z - 117. Let h be y(119). Let p(b) = -b**2 - 10*b - 8. Let u be p(-6). What is the greatest common divisor of h and u?
2
Suppose 0 = -4*i + 23 - 3. Suppose 0*o + 2*o - 2*s - 52 = 0, -4*s + 130 = i*o. Suppose -y = o - 82. What is the greatest common factor of 42 and y?
14
Suppose -4*j - 14*v + 12*v = 962, 237 = -j + 3*v. Let n = j - -312. What is the highest common divisor of 18 and n?
18
Let b be ((-3)/(-4))/(17/1156). Suppose -3*s - 3*u + b = 0, s + 3*u - 7*u = 42. Calculate the highest common divisor of 484 and s.
22
Let t = 928 - 653. Let u be t - 1*(-5 - -4) - 1. Calculate the highest common divisor of u and 11.
11
Let t(i) = 94*i - 3562. Let k be t(39). Calculate the highest common factor of 702 and k.
26
Suppose -96*s + 2836208 = 220112. Calculate the highest common factor of s and 229.
229
Suppose 21*a - 612 = 15*a. Let z(f) = 5*f + 231. Let j be z(-36). What is the greatest common divisor of j and a?
51
Let i be ((-3)/2)/(21 + (-4256595)/202692). What is the greatest common factor of 2032 and i?
254
Suppose -9 = -6*r + 9. Let f be r/2*762/9. Suppose -4*q - h = -f, 0*h = 2*q - 4*h - 86. Calculate the greatest common divisor of 33 and q.
33
Let k(a) = a**2 - 6*a + 19. Let n be k(-8). Let m = n + -94. Calculate the highest common factor of 37 and m.
37
Suppose 12 = -4*m + 68. Let u(z) = 59 - 7*z**2 + 8*z - 86 + 6*z**2 + 9*z. Let o be u(m). What is the highest common divisor of o and 165?
15
Suppose 1685 = 10*u - 5*u - 5*i, 7*i + 1679 = 5*u. Calculate the highest common divisor of u and 1496.
68
Let i be ((-48)/12)/8*2 + (-230)/(-2). What is the greatest common factor of i and 5358?
114
Let s be (-20)/15 - (-1526)/6 - 4. Suppose 2*b + s = 777. What is the greatest common divisor of 12 and b?
12
Let t(y) = 62*y**2 - 59*y**2 - 5 - 14*y - 1. Let n be t(10). Let p(f) = -7*f + 1. Let w be p(-3). Calculate the greatest common divisor of n and w.
22
Let i be 31/((-20925)/(-519800)) - (-4)/(-54). What is the highest common divisor of 105 and i?
35
Suppose 21*m - 452 = -137. What is the highest common factor of 515 and m?
5
Let r = 6690 - 6660. Calculate the greatest common factor of 495 and r.
15
Suppose -18*h - 486 = -99*h. What is the greatest common factor of 10662 and h?
6
Let h be -64*((-3)/(-3))/(-1). Let f(k) = 2*k**3 + 19*k**2 + 14*k + 8. Let t be f(-6). Let y = t - h. Calculate the greatest common divisor of y and 280.
56
Suppose -123*m - 67 = -31*m - 619. Let o = -17 - -32. Suppose o = 3*c + 3, c = -k + 13. Calculate the greatest common factor of m and k.
3
Let m = -131385 - -131393. Suppose z + 1682 = 5*t - z, -3*t - 2*z = -1006. What is the highest common divisor of m and t?
8
Let s(q) = -2*q**3 + 104*q**2 + 166*q - 9. Let x be s(39). What is the highest common divisor of x and 49?
49
Suppose 0 = -2*r + 3*q + 491, -r + 146 = -3*q - 92. Suppose -5*n + 3*n = -4*d + 84, 0 = -3*d + 5*n + 49. What is the highest common divisor of r and d?
23
Let a = -4031 - -8486. Calculate the highest common factor of a and 1155.
165
Suppose -4*n = 5*n - 2772. Suppose -4*f + n = 4*g, -64 = -g + f + 19. What is the highest common divisor of 30 and g?
10
Suppose 18*i - 1654 = -36*i + 2558. Let l(c) = 11*c**2 - 3*c - 4. Let k be l(-3). What is the greatest common factor of k and i?
26
Let p = -130 - 121. Let s = p + 498. Calculate the highest common factor of s and 26.
13
Suppose -133*c = -3469 - 170628. Calculate the highest common factor of c and 77.
77
Suppose -j - 35 = -w, 42 + 18 = 2*w - 4*j. Let q(a) = a**2 - 22*a + 177. Let l be q(w). What is the greatest common factor of 39 and l?
39
Suppose -418*j = -390*j - 179928. Calculate the highest common factor of 54 and j.
54
Suppose 122*m = 129*m - 21. Suppose -5*w = m*a - 52, -3*a = -3*w - 34 - 2. What is the greatest common divisor of a and 322?
14
Let q(y) = -y**3 - 34*y**2 + 32*y - 25. Let o be q(-35). Calculate the highest common factor of 285 and o.
5
Suppose 0*n + 20 = 5*n + 5*a, -3*n + 2 = -2*a. Suppose 5*x = -n*x - 28. Let r be -1 + (-39)/x - 2/(-8). What is the greatest common factor of r and 18?
9
Let d be (-4)/(224/(-184)) - 2/7. Suppose -5*y + 6*y + 484 = d*i, 0 = i + 3*y - 158. Calculate the highest common factor of 46 and i.
23
Suppose 7*h - 14 = -0. Suppose j = 4*q - h*j - 399, 394 = 4*q + 2*j. What is the highest common factor of 132 and q?
33
Suppose -4*d - 2*x + 1832 = 0, 2 = 5*x - 18. What is the greatest common divisor of 72 and d?
24
Let c be (-114)/30 + 4 - 24/(-5). Suppose -2*m = -c - 5, 2*o - 53 = -5*m. What is the highest common divisor of 14 and o?
14
Let t = 21574 + -21436. Calculate the greatest common divisor of 1311 and t.
69
Suppose 5*x - 715*c = -716*c + 115, 4*c = 5*x - 115. What is the highest common factor of 851 and x?
23
Suppose -2*t - 372 = -3*i, -t - 125 = 7045*i - 7046*i. What is the highest common divisor of i and 22753?
61
Let d = -81 - -39. Let n = -58 - d. Let u = -2 - n. What is the greatest common factor of u and 21?
7
Let j(x) = 3*x**2 + 6*x - 5. Let l be j(3). Let h be ((-12)/12)/(35/(-17) + 2). Suppose 21*z = h*z + 240. What is the greatest common factor of z and l?
20
Suppose -5*d + 24 = 7*d. Suppose -2*y + 621 = 3*k, 0 = d*k + 2*y + 3 - 419. What is the greatest common divisor of k and 82?
41
Suppose 2239*a - 2220*a = 1577. Let r be (0/(-1) - 1)*-5. Suppose r*p - 25 = -0*k - k, -a = -2*k + p. Calculate the greatest common divisor of 8 and k.
8
Let q be 11 - 7 - (-2 - (-1588)/(-4)). Let d be (-10)/35 + 396/14 + -2. What is the greatest common factor of d and q?
13
Let g(x) = 22*x**3 + 15*x**2 - 26*x + 11. Let o be g(8). Calculate the highest common divisor of 114 and o.
57
Suppose 7*t = -5*h + 190, 12*h - 17*h - 4*t = -190. Let g = 40 - -150. What is the greatest common factor of h and g?
38
Suppose 2 = 2*m - m - 3*n, -5*n + 50 = 5*m. Suppose 5*k - v = 285, -175 = -3*k - 3*v - 22. Calculate the highest common factor of m and k.
8
Let f = -31 - -46. Suppose 88 = -11*s + f*s. Let o be 132/9*(-33)/(-2). Calculate the greatest common divisor of o and s.
22
Let t(n) = -n**3 - 4*n**2 + 5*n + 2. Let k be t(-5). Let u = -424 + 1881. Let f = u + -1443. Calculate the greatest common divisor of f and k.
2
Let f(t) = 26*t**2 + 6*t - 47. Let m be f(6). Calculate the greatest common divisor of m and 74.
37
Suppose 11*z - 46 = 801. Suppose -7*y = 12 - 89. What is the greatest common factor of y and z?
11
Let g be (128/(-5))/(6 - 192/30). Let h be (-2)/3 - 4*g/(-24). Calculate the highest common factor of h and 35.
5
Let w = -43 - -2738. Calculate the highest common divisor of w and 55.
55
Let z be (-11)/33 + (-4)/6. Let k be (-3 + 1 + z)*(-390)/117. What is the greatest common divisor of 50 and k?
10
Let r be -3 - 538*2/(24/(-18)). Let p = 863 - r. What is the highest common factor of 59 and p?
59
Suppose 5*y + 5 = 0, 16*p